t are the prime factors of s?
13
Suppose -6*u = -14*u + 976. What are the prime factors of u?
2, 61
Suppose 0 = -7*d + 4*d + 9. Suppose 0 = x + d*x. Suppose x = 4*a + a - 25. List the prime factors of a.
5
Let a(b) = -b**3 - b**2 - b + 1. Suppose -4*l - 4*g = 0, -6 = 2*l - 2*g + 2. Let i be a(l). Suppose i + 0 = k. What are the prime factors of k?
7
Suppose -4*m - 20 = 0, -4*k = 2*m + m + 7. Suppose -k*a + 10 = -18. List the prime factors of a.
2, 7
Suppose -v = 1 - 3. Suppose 3 = 3*r - v*r. Suppose -2*k = -5*b + r*k - 5, -12 = -4*k. List the prime factors of b.
2
Let i(d) = -d**3 - 20*d**2 - 22*d - 7. List the prime factors of i(-19).
2, 5
Suppose -4*k = -0*w + 5*w - 96, 20 = -5*w. List the prime factors of k.
29
Let k = -176 + 251. List the prime factors of k.
3, 5
Suppose -2*m + 2*h = m - 55, -3*h - 6 = 0. Suppose -5*w + 73 + m = 0. What are the prime factors of w?
2, 3
Suppose -7*s = -2*s - 15. Let m(l) = -7 + 6 - 5*l**2 + 4*l**2 - l**s. List the prime factors of m(-2).
3
Suppose 6*u - 324 = 192. What are the prime factors of u?
2, 43
List the prime factors of 22*(3 - (1 + 15/(-6))).
3, 11
Let c(h) = 4*h + h**3 + 8 - 6*h**2 + 6 - 6. Let r be c(6). Suppose -4*z - r = -2*b - 2*b, -5*z = -b - 8. What are the prime factors of b?
2, 3
Suppose -5*j + 15 + 0 = 0. Suppose -2*u - 2 = 2*b, 3*b + 2*u - 32 = 6*u. Suppose 5*n + 0*q - 36 = j*q, -b*q = 5*n - 57. What are the prime factors of n?
3
Let q = 119 + -47. Let b = -51 + q. What are the prime factors of b?
3, 7
Suppose 0 = -3*i - b + 40, i + 3*b = 2*b + 16. Suppose -3 - i = -t. List the prime factors of t.
3, 5
Let d be -3 - (104/2)/1. Let s = d - -111. List the prime factors of s.
2, 7
Suppose 0 = 2*n - 5*g - 19, -4*g = n - 9*g - 17. Suppose n*o - 20 = -2*o. List the prime factors of o.
5
Let h = 1102 + -780. List the prime factors of h/8 - (-4)/(-16).
2, 5
Suppose -2*f = 12 + 14. List the prime factors of f/(-4) - 3/12.
3
Suppose 4 - 16 = 2*p - 3*f, 2*p + 12 = 4*f. Let c(s) = -4*s - 7. List the prime factors of c(p).
17
Let l = 76 + -12. What are the prime factors of l?
2
Suppose -6*u + 3*u - 4*q = -15, -u - 3*q = -5. What are the prime factors of u?
5
Let j(q) = -5*q + 2. Let y be j(-3). Let u = y - 2. Suppose -5*c = 3*w - u, 4*c = w - 2 - 3. What are the prime factors of w?
5
Suppose 0 = -4*j + 16. Let i = j - 2. Suppose v + v = 2*o - 40, 2*v = -i*o + 28. What are the prime factors of o?
17
Let c(h) = h**2 + 2*h - 2. Let k be c(-3). Let a be (k - (3 - 2))/(-1). Let t = 5 - a. List the prime factors of t.
5
Let a = -26 - -34. List the prime factors of a.
2
Suppose 3*f - w = 1, -4*w + 7 + 6 = 5*f. Suppose 0 = n + f - 6. Suppose -60 = -n*k + k. What are the prime factors of k?
3, 5
Suppose -40 = -8*x + 3*x. Suppose -x = -4*p + 16. Let w(c) = c + 5. What are the prime factors of w(p)?
11
Suppose -2*k + 3*k - 22 = 0. What are the prime factors of k?
2, 11
Suppose 3*d = 4*d. Suppose -2*c = f - 22, -3*f + d*c = -5*c - 55. List the prime factors of f.
2, 5
Suppose 3*k - 590 = -2*k. What are the prime factors of k?
2, 59
Suppose 6*a - 184 = 266. List the prime factors of a.
3, 5
Let t = 3 - 3. Suppose t = -5*h + 9 + 1. List the prime factors of (-5)/(-1 - (-1)/h).
2, 5
What are the prime factors of (-4)/4 - 1*-27?
2, 13
Suppose x = -5*l + 3*x + 10, -5*x - 25 = 2*l. Suppose 4*n + 4 = -5*c, l*n = -3*n + c + 16. Suppose -15 = -n*a - a. What are the prime factors of a?
3
Let b = 97 + -58. List the prime factors of b.
3, 13
List the prime factors of 76/6*(-72)/(-16).
3, 19
Let c be ((-3)/4)/((-5)/20). Let m = c + 9. List the prime factors of m.
2, 3
Let k(a) = -a**3 - a**2 - 3*a - 2. List the prime factors of k(-4).
2, 29
Let f be 16/(-9) + 10/(-45). Let i = f - -7. What are the prime factors of i?
5
Let c be 1 + 52 + 1 - 1. Suppose 3*z + 8 = c. List the prime factors of z.
3, 5
Let q(a) = -a**3 + 7*a**2. List the prime factors of q(5).
2, 5
Let c be (-1 + 2)*-5*1. Let n be (22/c)/(3/(-15)). Suppose 0 = d + d - n. List the prime factors of d.
11
Let f(w) = -w**3 - 8*w**2 - 7*w - 10. What are the prime factors of f(-9)?
2, 67
Let q = 12 + -21. Let n be -12*(q/(-6))/(-1). What are the prime factors of 148/n - 4/18?
2
Let u(l) = -3*l**2 - 9*l - 3. Let b be u(-4). What are the prime factors of 405/12 - b/(-20)?
3, 11
Suppose -w - 1 + 3 = 0. Suppose 2*r + 32 = -5*g, -2*g - r = w*g + 25. Let p = g + 14. List the prime factors of p.
2
Suppose 2*i + 2 = -5*v + v, -2*i + 6 = -4*v. Let u be 2 - i - 1/1. Suppose -5*a + 25 + 10 = u. List the prime factors of a.
7
Let u be (-10 + 13)*(-2)/(-3). Suppose -64 = -2*x + u*q, -16 = -5*x + 3*q + 146. List the prime factors of x.
3, 11
Let x = 76 + -44. What are the prime factors of x?
2
Let l(n) = -n - 1. Let c(j) = -3*j**2 + 6*j + 7. Let i(w) = -c(w) - 5*l(w). What are the prime factors of i(-2)?
2, 3
Suppose 3*c = 6*c - 351. List the prime factors of c.
3, 13
Let n(a) be the second derivative of a**3/3 + a**2 + 4*a. What are the prime factors of n(9)?
2, 5
Let j(x) = 2*x - 4. Let d = 6 + -2. Let q be j(d). Suppose 2*p = q*p - 5*c - 29, 2*c = -p - 8. What are the prime factors of p?
2
Let q(w) = 11*w - 4. Let a be q(4). Suppose -a = -3*z - z. What are the prime factors of z?
2, 5
Suppose 4*c + 3*m - 16 = 0, -m = c + m - 4. Suppose -5*w + 2 = a - 0, c*a = 4*w + 8. Suppose -7 = -g - q, 0 = -3*q - 1 - a. What are the prime factors of g?
2
List the prime factors of 6/(-30) + 362/10.
2, 3
Let i be ((-28)/(-10))/(2/(-10)). Let j = i - -6. Let z = 2 - j. List the prime factors of z.
2, 5
Let j(x) = 3*x**2 - 3*x - 2. Let q be j(3). Suppose 0 = l, 3*l - 86 + q = -5*t. List the prime factors of t.
2, 7
Suppose -7*l = -6*l - 101. What are the prime factors of l?
101
Suppose v - 38 - 20 = 0. List the prime factors of v.
2, 29
Let i be 11 + -3 + -2 + 2. Suppose -7 = -3*a + i. List the prime factors of a.
5
Suppose p - 2 = -0*p. Suppose -4 + 10 = p*i. Suppose -i = -4*y + 45. List the prime factors of y.
2, 3
Let f(y) = 5*y**3 - 2*y**2 + y. Let t be 1/(3*1/6). Suppose -p - 3 = 2*n, p = t*n + 2*n + 9. List the prime factors of f(p).
2
Suppose -4 = z, -2*k - z = 3*z. Let j(a) = -a**2 + 10*a + 6. List the prime factors of j(k).
2, 11
Let g(k) = 11*k**2 - 5*k + 7. List the prime factors of g(2).
41
List the prime factors of (-3 + 5 - 1)/((-1)/(-21)).
3, 7
Let n(k) = -k**3 - k**2 + k - 4. Let b be n(-3). Suppose -b = h - 17. List the prime factors of h.
2, 3
Let z(b) = -5*b - 4. Let u be z(-6). Suppose -4*g + 78 = l - u, 5*l = -5*g + 130. What are the prime factors of g?
2, 13
Let u = 11 + -4. Suppose -u*m = -2*m - 75. Suppose -h = -4*h + 2*o + m, -5*h + 3 = 4*o. List the prime factors of h.
3
Let i(v) = -11*v**3 + 2*v**2 - v. Let m be i(1). Let d = m + 18. Let u(h) = -h**2 + 9*h + 1. List the prime factors of u(d).
3
Suppose -2*a + 8 = 0, -6 = t + t - 3*a. Suppose -2*l + 20 = -4*i + t*i, -i - 10 = -l. List the prime factors of l.
2, 5
Suppose -u - 35 = 4*u. Let c = u + 4. Let p = 11 + c. What are the prime factors of p?
2
Suppose -30 = -3*s + 2*g, -2*g + g - 9 = -s. Suppose -s = -0*q - 2*q. List the prime factors of q.
2, 3
Let u(r) be the third derivative of -r**6/120 - r**5/30 + 7*r**4/24 + r**3 + 2*r**2. List the prime factors of u(-4).
2, 5
Let a = 100 + 191. List the prime factors of a.
3, 97
Let d = 6 + -4. What are the prime factors of (d/3)/((-6)/(-117))?
13
Let v be -1 + (-3 + 0 - -5). What are the prime factors of ((-30)/4)/(v/(-2))?
3, 5
Let s = 13 + -11. List the prime factors of s/(-13) - 3448/(-104).
3, 11
Let j(m) = 3*m + 1. List the prime factors of j(5).
2
Suppose p = -0*p + 50. Suppose 3*a = -4*j + 75, 0*j = 2*a - j - p. What are the prime factors of a?
5
Let q be (0 + -2)/2 - -8. Let t = q - 3. Suppose -c + 3*c - t = 0. List the prime factors of c.
2
Suppose 5*c = 5*t - 25, t - 3 = 2. Suppose c = -u + 2 + 3. List the prime factors of u.
5
Let p(v) = -v**2 + 1. Let f be p(-1). Let n = f - -2. What are the prime factors of n?
2
Let y be ((-8)/(-6))/(3/9). Let o = y + 20. Suppose -4*r = -o + 4. What are the prime factors of r?
5
Let n = 75 - -15. Let j(b) = b**2 + 3*b - 4. Let y be j(-4). Suppose 5*u + 5*o - n = 0, y*u - 5*o = -3*u + 30. What are the prime factors of u?
3, 5
List the prime factors of ((-19)/1)/((-19)/228) - 0.
2, 3, 19
List the prime factors of (-1 - (-46)